= 527*u + 87. Let z be d(5). Suppose -z = -14*i + 5930. What is the hundreds digit of i?
6
Let o(s) = 4*s**2 + 6*s + 3. Let y be o(-2). Suppose y*v - 15 = 2*v. Suppose -4*l + l - 2*c = -416, -5*l - v*c = -693. What is the tens digit of l?
3
Suppose 0 = 3*j - 4*d - 18797 - 52057, 0 = -j - d + 23632. What is the tens digit of j?
2
What is the tens digit of (-156)/9 + 13 + (-4)/6 + 16159?
5
Suppose -17*b = 3*b - 308245 - 85375. What is the thousands digit of b?
9
Let s = -28 - -71. Suppose 10*y + 17160 = s*y. What is the units digit of y?
0
Let i(j) = 110*j**2 - 37*j - 23. What is the thousands digit of i(7)?
5
Let j(x) be the third derivative of -x**4/12 + x**3/2 + 18*x**2. Let a be j(0). Suppose 366 = -b + a*b - 2*n, 4*b - 3*n = 728. What is the units digit of b?
9
What is the units digit of (-10 - -5)/((-120)/2112)?
8
Suppose 0 = -2*a - 13 + 17. Suppose -34 - 8 = -a*l - 4*n, n - 16 = -l. Suppose 361 + l = 3*o. What is the units digit of o?
4
Let w be (-12)/3 - (-2846)/1. Let p = w - 1759. What is the tens digit of p?
8
Let c(s) = -6011*s + 564. What is the ten thousands digit of c(-6)?
3
Let x(t) = -t**3 + 13*t**2 - 10*t + 20. Suppose -q + 5*c = -5 + 18, 0 = -2*c + 10. What is the units digit of x(q)?
4
Let c = 128 + 122. Suppose 939 = 3*j + 4*g + 189, c = j + 2*g. What is the tens digit of j?
5
Let w = 28 - -3055. What is the thousands digit of w?
3
Let s(a) = 2362*a - 3559. What is the units digit of s(19)?
9
Suppose 13 = 7*r - 8. Suppose -2*w - 3*w = r*q - 5, -5*q - 25 = 0. Suppose -5*k + w*x + 374 = -171, -5*k + 590 = 5*x. What is the units digit of k?
3
Let l(c) = 14418*c + 114. What is the hundreds digit of l(3)?
3
Let z(w) be the first derivative of w**3/3 - w**2 - 19*w - 13. Let h be ((-16)/12)/(2/12). What is the units digit of z(h)?
1
Let t(h) = -6*h**3 - 23*h**2 + 38*h + 157. What is the units digit of t(-12)?
7
Let l = 9 - 6. Let y(w) be the third derivative of w**5/10 - w**4/12 + 2*w**3/3 + 79*w**2. What is the tens digit of y(l)?
5
Let p = -139143 + 207503. What is the ten thousands digit of p?
6
Let l be -1*7*(-38)/133. Suppose 8958 = 4*z + l*z. What is the thousands digit of z?
1
Let q(r) = -17*r - 252. Let v be q(-36). Let a = -312 + v. What is the tens digit of a?
4
Let t(x) be the third derivative of 3*x**4/2 - 11*x**3/3 - 103*x**2. What is the tens digit of t(4)?
2
Let n = -411 - -433. What is the tens digit of (717/6)/(11/n)?
3
Let m = 60628 - 16041. What is the thousands digit of m?
4
What is the hundreds digit of (2/(-3))/((-27)/(11509695/30))?
4
Let v be ((-1)/(-3))/((-2)/(-6))*182. Suppose 3*r - 695 = -v. What is the tens digit of r?
7
What is the hundreds digit of (1 - 2297)*(54 + -63)?
6
Let k = -65 + 72. Suppose -k*o = -26*o + 5149. What is the tens digit of o?
7
Let m = -21 + 30. Let o(g) = -6*g - 2*g - 5*g**2 - 7 + m*g - g**3. What is the tens digit of o(-7)?
8
Let j = 318 + -97. Let k = j - 113. What is the units digit of k?
8
Let g(p) = 8*p**2 + 1 + 1 - 3*p**2 - 5. Let w be g(2). Suppose 18*c = w*c + 155. What is the units digit of c?
5
Let y = -3257 + 5720. What is the units digit of y?
3
Suppose -45 + 151 = 2*g. Let n = g - 30. Suppose -50 = 18*u - n*u. What is the tens digit of u?
1
Let t(w) = -w**3 - 5*w**2 + 9*w - 19. Let k be t(-8). What is the units digit of -1 + k - (-10 + 5)?
5
Let n = -58629 - -112053. Suppose 32*h - n = -6128. What is the thousands digit of h?
1
Let n = -13598 + 62566. What is the thousands digit of n?
8
Let x(j) be the first derivative of 12*j**2 + 52*j - 4. What is the units digit of x(12)?
0
Suppose -17*n + 170261 = 20610. What is the tens digit of n?
0
What is the thousands digit of (2 + 2/((-24)/(-25311)))/(264/3520)?
8
Suppose -25 = -5*l - 5*d, 10 = 3*l - 5*d + 7*d. Suppose -9*w + 1089 = -l*w. Suppose 3*m = -v + w + 62, 321 = 2*v - 3*m. What is the units digit of v?
8
Suppose 0 = -28*t + 8*t - 13*t + 191697. What is the tens digit of t?
0
What is the thousands digit of (4/20 - (-9)/5)/((-28)/(-1191134))?
5
Let k = -238 + 1336. Suppose 6*l - 3*l - k = 0. What is the tens digit of l?
6
Let c(k) = -k**2 + 18*k + 5. Let v be c(18). Suppose 0 = -v*g + 1208 + 1402. What is the tens digit of g?
2
Let w be 14/(-35) - 3009/30*2. Let x = w - -373. What is the hundreds digit of x?
1
Let b(g) be the third derivative of g**6/120 - 4*g**5/15 - 13*g**4/8 + 20*g**3/3 - 2*g**2 - 15. What is the hundreds digit of b(19)?
3
Let a(t) be the first derivative of t**6/180 - t**5/60 - 7*t**4/24 + 4*t**3 - 9. Let y(g) be the third derivative of a(g). What is the tens digit of y(7)?
7
Suppose -3*h - 828 = -5*v - 2*h, 4*v - 4*h - 672 = 0. Let y = 378 - v. What is the hundreds digit of y?
2
Let o = -30 - -52. Let r(v) = v**2 + 19*v - 48. Let a be r(-21). What is the tens digit of 9/(-6)*o*2/a?
1
Suppose -4*u = -n + 37191, 2*n + 4*u + 1913 = 76295. What is the tens digit of n?
9
Suppose w + z = -144, -2*z = 3*w + 3*z + 440. Let f = 133 + w. Let y(l) = -l**3 - l**2 + 10*l + 17. What is the hundreds digit of y(f)?
2
Let z(o) = 1771*o - 8424. What is the hundreds digit of z(7)?
9
Let v be (-2 + -8)*15/25. What is the units digit of (12 + -10)*(-2 - 1059/v)?
9
Let z(t) = 31*t - 11. Let g = 14 + -22. Let r(v) = -93*v + 32. Let b(p) = g*z(p) - 3*r(p). What is the units digit of b(2)?
4
Let d(c) = 11*c**3 + 4*c**2 + 14*c - 1. Let n(z) = 4*z**3 + z + 1. Let x(t) = -d(t) + 3*n(t). Suppose -3 = 2*f - 17. What is the units digit of x(f)?
4
Suppose -7*v + 10*v = -5*j + 87050, -2*v + 52231 = 3*j. What is the tens digit of j?
0
Suppose m = 2*u + 6230, u - 5843 = -3*m + 12826. What is the thousands digit of m?
6
Suppose 0 = -5*a + 3*j + 180517, 3*a - 103016 = 3*j + 5293. What is the units digit of a?
4
Suppose 0 = -3*l + i + 2*i + 94527, -3*l = -i - 94509. What is the hundreds digit of l?
5
Let y(b) = b**3 + 20*b**2 - 26*b + 49. Let f be y(-21). Suppose -2*j + q + 765 = -f, -2*j = q - 909. What is the hundreds digit of j?
4
Suppose 17*g = 24904 - 5507. Let v = -453 + g. What is the tens digit of v?
8
Suppose -8*f - 6*f + 70 = 0. Let j = f + 60. What is the units digit of j?
5
Let l(b) = 48*b**2 - 2. Let n be l(-1). Let j(a) = -18*a + 35 + n*a + 0*a**2 - a**2. What is the units digit of j(24)?
1
Let v = 513 + -2646. Let y = -1465 - v. What is the tens digit of y?
6
Suppose 3*k - k - 24 = 0. Suppose -4*d + 404 = 2*i, 0 = -2*d - 2*d - k. What is the units digit of 2 - 3/((-12)/i)?
4
Let d(f) be the second derivative of -f**5/20 - f**4/3 - 7*f**3/3 + 4*f**2 + f. What is the hundreds digit of d(-7)?
2
Let u(g) = -41*g**3 + g**2 + 4*g + 6. Let y be u(-2). Suppose 5*f - 5*v = y, 4*f + 5*v + 12 - 240 = 0. What is the tens digit of f?
6
Let i(j) = 110*j**2 + 16*j + 7. Let w be i(3). Let x = -332 + w. What is the units digit of x?
3
Let k = -1843 + 2693. Let a = -592 + k. What is the hundreds digit of a?
2
Let t(x) = -x**3 + 28*x**2 + 49*x - 500. What is the tens digit of t(23)?
7
Suppose 0 = 4*m - 5*m - 2*m. Let x be 0*(-5)/25 + (9 - m). Suppose -x*v - 72 = -18*v. What is the units digit of v?
8
Let s = -459 - -461. Suppose -s*i = -3*u + 342 + 2569, 4*u = i + 3888. What is the units digit of u?
3
Let j(a) = -a**3 + 39*a**2 + 103*a - 39. Let v be j(41). Let y = -423 + v. What is the hundreds digit of y?
3
What is the tens digit of -12*(-77 + (13 - 17))?
7
Let a(s) = 16409*s + 160. What is the hundreds digit of a(1)?
5
Suppose -39222 = -64*l + 62*l - 3*a, l - 19614 = -3*a. What is the ten thousands digit of l?
1
Let m(h) = -223*h - 9350. What is the thousands digit of m(-93)?
1
Let g be 3/(-12) + 5/20. Suppose 7*i - 79 - 2217 = g. What is the tens digit of 2/6 - i/(-6)?
5
Suppose -43377 = -3*j - 3*x, 14*j - 4*x = 12*j + 28900. What is the thousands digit of j?
4
Let o(d) = d - 49. Let f(v) = -v**3 - 19*v**2 + 21*v + 9. Let i be f(-20). Let r be o(i). What is the tens digit of ((-3)/4 + 4/(-4))*r?
0
Suppose 0 = -31*s + 82428 + 147933. What is the hundreds digit of s?
4
Suppose -830*t + 834*t = 4*w - 205124, 0 = -5*w + 3*t + 256421. What is the ten thousands digit of w?
5
Let q(y) = 159*y + 26. Let a be q(6). Let f = -654 + a. What is the units digit of f?
6
Let c(a) = 14*a**2 - 144*a + 3928. What is the tens digit of c(32)?
5
Suppose -2*k + 2 = 2*r, 0 = -3*r + k + 4*k - 29. Let w(y) = 20*y**2 - 2*y - 12. What is the tens digit of